{"id":499,"date":"2022-08-11T12:13:32","date_gmt":"2022-08-11T15:13:32","guid":{"rendered":"http:\/\/informatizaweb10.com.br\/arquimedesmg\/?page_id=499"},"modified":"2022-08-11T15:33:14","modified_gmt":"2022-08-11T18:33:14","slug":"consulta-de-garantia-por-numero-de-serie","status":"publish","type":"page","link":"https:\/\/www.arquimedesmg.com.br\/novo\/suporte\/consulta-de-garantia-por-numero-de-serie\/","title":{"rendered":"Consulta de garantia por n\u00famero de s\u00e9rie"},"content":{"rendered":"\t\t<div data-elementor-type=\"wp-page\" data-elementor-id=\"499\" class=\"elementor elementor-499\">\n\t\t\t\t\t\t<div class=\"elementor-inner\">\n\t\t\t\t<div class=\"elementor-section-wrap\">\n\t\t\t\t\t\t\t\t\t<section class=\"has_ae_slider elementor-section elementor-top-section elementor-element elementor-element-1d8dee3 elementor-section-full_width elementor-section-height-default elementor-section-height-default ae-bg-gallery-type-default\" data-id=\"1d8dee3\" data-element_type=\"section\">\n\t\t\t\t\t\t<div class=\"elementor-container elementor-column-gap-no\">\n\t\t\t\t\t\t\t<div class=\"elementor-row\">\n\t\t\t\t\t<div class=\"has_ae_slider elementor-column elementor-col-100 elementor-top-column elementor-element elementor-element-1935298 ae-bg-gallery-type-default\" data-id=\"1935298\" data-element_type=\"column\">\n\t\t\t<div class=\"elementor-column-wrap elementor-element-populated\">\n\t\t\t\t\t\t\t<div class=\"elementor-widget-wrap\">\n\t\t\t\t\t\t<div class=\"elementor-element elementor-element-0c8c001 elementor-widget elementor-widget-template\" data-id=\"0c8c001\" data-element_type=\"widget\" data-widget_type=\"template.default\">\n\t\t\t\t<div class=\"elementor-widget-container\">\n\t\t\t\t\t<div class=\"elementor-template\">\n\t\t\t\t\t<div data-elementor-type=\"section\" data-elementor-id=\"330\" class=\"elementor elementor-330\">\n\t\t\t\t\t<div class=\"elementor-section-wrap\">\n\t\t\t\t\t\t\t\t<section class=\"has_ae_slider elementor-section elementor-top-section elementor-element elementor-element-74a7c11 elementor-section-full_width elementor-section-content-middle elementor-section-height-default elementor-section-height-default ae-bg-gallery-type-default\" data-dce-background-image-url=\"https:\/\/www.arquimedesmg.com.br\/novo\/wp-content\/uploads\/2022\/08\/topo.jpg\" data-id=\"74a7c11\" data-element_type=\"section\" data-settings=\"{&quot;background_background&quot;:&quot;classic&quot;}\">\n\t\t\t\t\t\t<div class=\"elementor-container elementor-column-gap-default\">\n\t\t\t\t\t\t\t<div class=\"elementor-row\">\n\t\t\t\t\t<div class=\"has_ae_slider elementor-column elementor-col-50 elementor-top-column elementor-element elementor-element-48bd193 ae-bg-gallery-type-default\" data-id=\"48bd193\" data-element_type=\"column\">\n\t\t\t<div class=\"elementor-column-wrap elementor-element-populated\">\n\t\t\t\t\t\t\t<div class=\"elementor-widget-wrap\">\n\t\t\t\t\t\t<div class=\"elementor-element elementor-element-2a3ffab elementor-widget elementor-widget-heading\" data-id=\"2a3ffab\" data-element_type=\"widget\" data-widget_type=\"heading.default\">\n\t\t\t\t<div class=\"elementor-widget-container\">\n\t\t\t<h2 class=\"elementor-heading-title elementor-size-default\">Consulta de garantia por n\u00famero de s\u00e9rie<\/h2>\t\t<\/div>\n\t\t\t\t<\/div>\n\t\t\t\t<div class=\"elementor-element elementor-element-49584ba elementor-widget elementor-widget-breadcrumbs\" data-id=\"49584ba\" data-element_type=\"widget\" data-widget_type=\"breadcrumbs.default\">\n\t\t\t\t<div class=\"elementor-widget-container\">\n\t\t\t<p id=\"breadcrumbs\"><span><span><a href=\"https:\/\/www.arquimedesmg.com.br\/novo\/\">In\u00edcio<\/a><\/span><\/span><\/p>\t\t<\/div>\n\t\t\t\t<\/div>\n\t\t\t\t\t\t<\/div>\n\t\t\t\t\t<\/div>\n\t\t<\/div>\n\t\t\t\t<div class=\"has_ae_slider elementor-column elementor-col-50 elementor-top-column elementor-element elementor-element-bde45c3 ae-bg-gallery-type-default\" data-id=\"bde45c3\" data-element_type=\"column\">\n\t\t\t<div class=\"elementor-column-wrap\">\n\t\t\t\t\t\t\t<div class=\"elementor-widget-wrap\">\n\t\t\t\t\t\t\t\t<\/div>\n\t\t\t\t\t<\/div>\n\t\t<\/div>\n\t\t\t\t\t\t\t\t<\/div>\n\t\t\t\t\t<\/div>\n\t\t<\/section>\n\t\t\t\t\t\t\t<\/div>\n\t\t\t\t<\/div>\n\t\t\t\t<\/div>\n\t\t\t\t<\/div>\n\t\t\t\t<\/div>\n\t\t\t\t\t\t<\/div>\n\t\t\t\t\t<\/div>\n\t\t<\/div>\n\t\t\t\t\t\t\t\t<\/div>\n\t\t\t\t\t<\/div>\n\t\t<\/section>\n\t\t\t\t<section class=\"has_ae_slider elementor-section elementor-top-section elementor-element elementor-element-6745814 elementor-section-boxed elementor-section-height-default elementor-section-height-default ae-bg-gallery-type-default\" data-id=\"6745814\" data-element_type=\"section\">\n\t\t\t\t\t\t<div class=\"elementor-container elementor-column-gap-default\">\n\t\t\t\t\t\t\t<div class=\"elementor-row\">\n\t\t\t\t\t<div class=\"has_ae_slider elementor-column elementor-col-100 elementor-top-column elementor-element elementor-element-bfdff62 ae-bg-gallery-type-default\" data-id=\"bfdff62\" data-element_type=\"column\">\n\t\t\t<div class=\"elementor-column-wrap elementor-element-populated\">\n\t\t\t\t\t\t\t<div class=\"elementor-widget-wrap\">\n\t\t\t\t\t\t<div class=\"elementor-element elementor-element-4b05672 elementor-widget elementor-widget-heading\" data-id=\"4b05672\" data-element_type=\"widget\" data-widget_type=\"heading.default\">\n\t\t\t\t<div class=\"elementor-widget-container\">\n\t\t\t<h1 class=\"elementor-heading-title elementor-size-default\">P\u00e1gina em constru\u00e7\u00e3o...<\/h1>\t\t<\/div>\n\t\t\t\t<\/div>\n\t\t\t\t\t\t<\/div>\n\t\t\t\t\t<\/div>\n\t\t<\/div>\n\t\t\t\t\t\t\t\t<\/div>\n\t\t\t\t\t<\/div>\n\t\t<\/section>\n\t\t\t\t\t\t\t\t\t<\/div>\n\t\t\t<\/div>\n\t\t\t\t\t<\/div>\n\t\t","protected":false},"excerpt":{"rendered":"<p>P\u00e1gina em constru\u00e7\u00e3o&#8230;<\/p>\n","protected":false},"author":1,"featured_media":0,"parent":80,"menu_order":0,"comment_status":"closed","ping_status":"closed","template":"","meta":[],"acf":[],"yoast_head":"<!-- This site is optimized with the Yoast SEO plugin v20.5 - https:\/\/yoast.com\/wordpress\/plugins\/seo\/ -->\n<title>Consulta de garantia por n\u00famero de s\u00e9rie - Arquimedes<\/title>\n<meta name=\"robots\" content=\"index, follow, max-snippet:-1, max-image-preview:large, max-video-preview:-1\" \/>\n<link rel=\"canonical\" href=\"https:\/\/www.arquimedesmg.com.br\/novo\/suporte\/consulta-de-garantia-por-numero-de-serie\/\" \/>\n<meta property=\"og:locale\" content=\"pt_BR\" \/>\n<meta property=\"og:type\" content=\"article\" \/>\n<meta property=\"og:title\" content=\"Consulta de garantia por n\u00famero de s\u00e9rie - Arquimedes\" \/>\n<meta property=\"og:description\" content=\"P\u00e1gina em constru\u00e7\u00e3o&#8230;\" \/>\n<meta property=\"og:url\" content=\"https:\/\/www.arquimedesmg.com.br\/novo\/suporte\/consulta-de-garantia-por-numero-de-serie\/\" \/>\n<meta property=\"og:site_name\" content=\"Arquimedes\" \/>\n<meta property=\"article:modified_time\" content=\"2022-08-11T18:33:14+00:00\" \/>\n<meta name=\"twitter:card\" content=\"summary_large_image\" \/>\n<meta name=\"twitter:label1\" content=\"Est. tempo de leitura\" \/>\n\t<meta name=\"twitter:data1\" content=\"1 minuto\" \/>\n<script type=\"application\/ld+json\" class=\"yoast-schema-graph\">{\"@context\":\"https:\/\/schema.org\",\"@graph\":[{\"@type\":\"WebPage\",\"@id\":\"https:\/\/www.arquimedesmg.com.br\/novo\/suporte\/consulta-de-garantia-por-numero-de-serie\/\",\"url\":\"https:\/\/www.arquimedesmg.com.br\/novo\/suporte\/consulta-de-garantia-por-numero-de-serie\/\",\"name\":\"Consulta de garantia por n\u00famero de s\u00e9rie - Arquimedes\",\"isPartOf\":{\"@id\":\"https:\/\/www.arquimedesmg.com.br\/novo\/#website\"},\"datePublished\":\"2022-08-11T15:13:32+00:00\",\"dateModified\":\"2022-08-11T18:33:14+00:00\",\"breadcrumb\":{\"@id\":\"https:\/\/www.arquimedesmg.com.br\/novo\/suporte\/consulta-de-garantia-por-numero-de-serie\/#breadcrumb\"},\"inLanguage\":\"pt-BR\",\"potentialAction\":[{\"@type\":\"ReadAction\",\"target\":[\"https:\/\/www.arquimedesmg.com.br\/novo\/suporte\/consulta-de-garantia-por-numero-de-serie\/\"]}]},{\"@type\":\"BreadcrumbList\",\"@id\":\"https:\/\/www.arquimedesmg.com.br\/novo\/suporte\/consulta-de-garantia-por-numero-de-serie\/#breadcrumb\",\"itemListElement\":[{\"@type\":\"ListItem\",\"position\":1,\"name\":\"In\u00edcio\",\"item\":\"https:\/\/www.arquimedesmg.com.br\/novo\/\"},{\"@type\":\"ListItem\",\"position\":2,\"name\":\"Suporte\",\"item\":\"https:\/\/www.arquimedesmg.com.br\/novo\/suporte\/\"},{\"@type\":\"ListItem\",\"position\":3,\"name\":\"Consulta de garantia por n\u00famero de s\u00e9rie\"}]},{\"@type\":\"WebSite\",\"@id\":\"https:\/\/www.arquimedesmg.com.br\/novo\/#website\",\"url\":\"https:\/\/www.arquimedesmg.com.br\/novo\/\",\"name\":\"Arquimedes\",\"description\":\"Automa\u00e7\u00e3o &amp; Inform\u00e1tica\",\"publisher\":{\"@id\":\"https:\/\/www.arquimedesmg.com.br\/novo\/#organization\"},\"potentialAction\":[{\"@type\":\"SearchAction\",\"target\":{\"@type\":\"EntryPoint\",\"urlTemplate\":\"https:\/\/www.arquimedesmg.com.br\/novo\/?s={search_term_string}\"},\"query-input\":\"required name=search_term_string\"}],\"inLanguage\":\"pt-BR\"},{\"@type\":\"Organization\",\"@id\":\"https:\/\/www.arquimedesmg.com.br\/novo\/#organization\",\"name\":\"Arquimedes MG \u2013 Automa\u00e7\u00e3o e inform\u00e1tica\",\"url\":\"https:\/\/www.arquimedesmg.com.br\/novo\/\",\"logo\":{\"@type\":\"ImageObject\",\"inLanguage\":\"pt-BR\",\"@id\":\"https:\/\/www.arquimedesmg.com.br\/novo\/#\/schema\/logo\/image\/\",\"url\":\"https:\/\/www.arquimedesmg.com.br\/novo\/wp-content\/uploads\/2022\/05\/logo-1.png\",\"contentUrl\":\"https:\/\/www.arquimedesmg.com.br\/novo\/wp-content\/uploads\/2022\/05\/logo-1.png\",\"width\":300,\"height\":329,\"caption\":\"Arquimedes MG \u2013 Automa\u00e7\u00e3o e inform\u00e1tica\"},\"image\":{\"@id\":\"https:\/\/www.arquimedesmg.com.br\/novo\/#\/schema\/logo\/image\/\"}}]}<\/script>\n<!-- \/ Yoast SEO plugin. -->","yoast_head_json":{"title":"Consulta de garantia por n\u00famero de s\u00e9rie - Arquimedes","robots":{"index":"index","follow":"follow","max-snippet":"max-snippet:-1","max-image-preview":"max-image-preview:large","max-video-preview":"max-video-preview:-1"},"canonical":"https:\/\/www.arquimedesmg.com.br\/novo\/suporte\/consulta-de-garantia-por-numero-de-serie\/","og_locale":"pt_BR","og_type":"article","og_title":"Consulta de garantia por n\u00famero de s\u00e9rie - Arquimedes","og_description":"P\u00e1gina em constru\u00e7\u00e3o&#8230;","og_url":"https:\/\/www.arquimedesmg.com.br\/novo\/suporte\/consulta-de-garantia-por-numero-de-serie\/","og_site_name":"Arquimedes","article_modified_time":"2022-08-11T18:33:14+00:00","twitter_card":"summary_large_image","twitter_misc":{"Est. tempo de leitura":"1 minuto"},"schema":{"@context":"https:\/\/schema.org","@graph":[{"@type":"WebPage","@id":"https:\/\/www.arquimedesmg.com.br\/novo\/suporte\/consulta-de-garantia-por-numero-de-serie\/","url":"https:\/\/www.arquimedesmg.com.br\/novo\/suporte\/consulta-de-garantia-por-numero-de-serie\/","name":"Consulta de garantia por n\u00famero de s\u00e9rie - Arquimedes","isPartOf":{"@id":"https:\/\/www.arquimedesmg.com.br\/novo\/#website"},"datePublished":"2022-08-11T15:13:32+00:00","dateModified":"2022-08-11T18:33:14+00:00","breadcrumb":{"@id":"https:\/\/www.arquimedesmg.com.br\/novo\/suporte\/consulta-de-garantia-por-numero-de-serie\/#breadcrumb"},"inLanguage":"pt-BR","potentialAction":[{"@type":"ReadAction","target":["https:\/\/www.arquimedesmg.com.br\/novo\/suporte\/consulta-de-garantia-por-numero-de-serie\/"]}]},{"@type":"BreadcrumbList","@id":"https:\/\/www.arquimedesmg.com.br\/novo\/suporte\/consulta-de-garantia-por-numero-de-serie\/#breadcrumb","itemListElement":[{"@type":"ListItem","position":1,"name":"In\u00edcio","item":"https:\/\/www.arquimedesmg.com.br\/novo\/"},{"@type":"ListItem","position":2,"name":"Suporte","item":"https:\/\/www.arquimedesmg.com.br\/novo\/suporte\/"},{"@type":"ListItem","position":3,"name":"Consulta de garantia por n\u00famero de s\u00e9rie"}]},{"@type":"WebSite","@id":"https:\/\/www.arquimedesmg.com.br\/novo\/#website","url":"https:\/\/www.arquimedesmg.com.br\/novo\/","name":"Arquimedes","description":"Automa\u00e7\u00e3o &amp; Inform\u00e1tica","publisher":{"@id":"https:\/\/www.arquimedesmg.com.br\/novo\/#organization"},"potentialAction":[{"@type":"SearchAction","target":{"@type":"EntryPoint","urlTemplate":"https:\/\/www.arquimedesmg.com.br\/novo\/?s={search_term_string}"},"query-input":"required name=search_term_string"}],"inLanguage":"pt-BR"},{"@type":"Organization","@id":"https:\/\/www.arquimedesmg.com.br\/novo\/#organization","name":"Arquimedes MG \u2013 Automa\u00e7\u00e3o e inform\u00e1tica","url":"https:\/\/www.arquimedesmg.com.br\/novo\/","logo":{"@type":"ImageObject","inLanguage":"pt-BR","@id":"https:\/\/www.arquimedesmg.com.br\/novo\/#\/schema\/logo\/image\/","url":"https:\/\/www.arquimedesmg.com.br\/novo\/wp-content\/uploads\/2022\/05\/logo-1.png","contentUrl":"https:\/\/www.arquimedesmg.com.br\/novo\/wp-content\/uploads\/2022\/05\/logo-1.png","width":300,"height":329,"caption":"Arquimedes MG \u2013 Automa\u00e7\u00e3o e inform\u00e1tica"},"image":{"@id":"https:\/\/www.arquimedesmg.com.br\/novo\/#\/schema\/logo\/image\/"}}]}},"_links":{"self":[{"href":"https:\/\/www.arquimedesmg.com.br\/novo\/wp-json\/wp\/v2\/pages\/499"}],"collection":[{"href":"https:\/\/www.arquimedesmg.com.br\/novo\/wp-json\/wp\/v2\/pages"}],"about":[{"href":"https:\/\/www.arquimedesmg.com.br\/novo\/wp-json\/wp\/v2\/types\/page"}],"author":[{"embeddable":true,"href":"https:\/\/www.arquimedesmg.com.br\/novo\/wp-json\/wp\/v2\/users\/1"}],"replies":[{"embeddable":true,"href":"https:\/\/www.arquimedesmg.com.br\/novo\/wp-json\/wp\/v2\/comments?post=499"}],"version-history":[{"count":4,"href":"https:\/\/www.arquimedesmg.com.br\/novo\/wp-json\/wp\/v2\/pages\/499\/revisions"}],"predecessor-version":[{"id":571,"href":"https:\/\/www.arquimedesmg.com.br\/novo\/wp-json\/wp\/v2\/pages\/499\/revisions\/571"}],"up":[{"embeddable":true,"href":"https:\/\/www.arquimedesmg.com.br\/novo\/wp-json\/wp\/v2\/pages\/80"}],"wp:attachment":[{"href":"https:\/\/www.arquimedesmg.com.br\/novo\/wp-json\/wp\/v2\/media?parent=499"}],"curies":[{"name":"wp","href":"https:\/\/api.w.org\/{rel}","templated":true}]}}